{"id":15,"date":"2017-08-01T11:32:07","date_gmt":"2017-08-01T09:32:07","guid":{"rendered":"https:\/\/forumrozwojumiast.poznan.pl\/2017\/?page_id=15"},"modified":"2017-12-18T09:32:44","modified_gmt":"2017-12-18T08:32:44","slug":"program","status":"publish","type":"page","link":"https:\/\/forumrozwojumiast.poznan.pl\/2017\/program\/","title":{"rendered":"Program"},"content":{"rendered":"<div class=\"frm-ag-dates\">\n<div id=\"frm-day-1\" class=\"frm-date-title frm-date-title-link shake\">dzie\u0144 I &#8211; 6 | 12 | 2017<br \/>\nmiasto dla mieszka\u0144c\u00f3w<\/div>\n<div id=\"frm-day-2\" class=\"frm-date-title frm-date-title-link shake\">dzie\u0144 II &#8211; 7 | 12 | 2017<br \/>\nmieszka\u0144cy dla miasta<\/div>\n<\/div>\n<div id=\"frm-day1-bl\">\n<div class=\"frm-date-title frm-date-title-l\">dzie\u0144 I &#8211; 6 | 12 | 2017 &#8211; miasto dla mieszka\u0144c\u00f3w<\/div>\n<table class=\"frm-agenda\">\n<tbody>\n<tr>\n<td class=\"frm-time\"><\/td>\n<td class=\"frm-ag-content\">\n<div class=\"frm-author\"><span class=\"frm-author-s\">Marta \u017bakowska<\/span><br \/>\n| &#8222;Magazyn Miasta&#8221;<\/div>\n<div class=\"frm-title\"><em><span class=\"frm-title-s\">prowadzenie konferencji<\/span><\/em><\/div>\n<div class=\"frm-a-last\"><\/div>\n<\/td>\n<\/tr>\n<tr>\n<td class=\"frm-time\">9.00 \u2013 9.15<\/td>\n<td class=\"frm-ag-content\">\n<div class=\"frm-author\"><span class=\"frm-author-s\">Jacek Ja\u015bkowiak<\/span><br \/>\n| Prezydent Miasta Poznania<\/div>\n<div class=\"frm-title\"><span class=\"frm-title-s\">inauguracja<\/span><\/div>\n<div class=\"frm-a-last\"><\/div>\n<\/td>\n<\/tr>\n<tr>\n<td class=\"frm-time\"><\/td>\n<td class=\"frm-ag-content\">\n<div class=\"frm-author\"><span class=\"frm-author-s\">Iwona Matuszczak- Szulc<\/span><br \/>\n| Dyrektor Wydzia\u0142u Rozwoju Miasta<\/div>\n<div class=\"frm-title\"><em>przywitanie go\u015bci konferencji<\/em><\/div>\n<div class=\"frm-a-last\"><\/div>\n<\/td>\n<\/tr>\n<tr>\n<td class=\"frm-time\">9.15 \u2013 9.30<\/td>\n<td class=\"frm-ag-content\">\n<div class=\"frm-author\"><span class=\"frm-author-s\">Emmanuel Moulin<\/span><\/div>\n<div class=\"frm-title\"><span class=\"frm-title-s\">Zwi\u0119kszanie atrakcyjno\u015bci miast poprzez zintegrowan\u0105 polityk\u0119 miejsk\u0105: do\u015bwiadczenia URBACT<\/span><\/div>\n<div class=\"frm-a-last\"><\/div>\n<\/td>\n<\/tr>\n<tr>\n<td class=\"frm-time\">9.30 &#8211; 9.50<\/td>\n<td class=\"frm-ag-content\">\n<div class=\"frm-author\"><span class=\"frm-author-s\">Johann Jungwirth<\/span><\/div>\n<div class=\"frm-title\"><span class=\"frm-title-s\">Odkrywanie mobilno\u015bci na nowo<\/span>&nbsp;<a href=\"https:\/\/forumrozwojumiast.poznan.pl\/2017\/wp-content\/uploads\/2017\/12\/j-jungwirth_the-reinvention-of-mobility.pdf\"><i class=\"fa fa-download\" aria-hidden=\"true\"> <\/i><\/a>\n <\/div>\n<div class=\"frm-a-last\"><\/div>\n<\/td>\n<\/tr>\n<tr>\n<td class=\"frm-time\">9.50 \u2013 10.30<\/td>\n<td class=\"frm-ag-content\">\n<div class=\"frm-author\"><span class=\"frm-author-s\">prof. dr hab. Jerzy Hausner<\/span><\/div>\n<div class=\"frm-author\"><span class=\"frm-author-s\">prof. dr hab. Hubert Izdebski<\/span><\/div>\n<div class=\"frm-title\"><span class=\"frm-title-s\"><a href=\"https:\/\/forumrozwojumiast.poznan.pl\/2017\/program\/prawo-do-miasta\/\">Prawo do miasta<\/a>&nbsp;<a href=\"https:\/\/forumrozwojumiast.poznan.pl\/2017\/wp-content\/uploads\/2017\/12\/j-hausner_prawo-do-miasta.pdf\"><i class=\"fa fa-download\" aria-hidden=\"true\"> <\/i><\/a> i <a href=\"https:\/\/forumrozwojumiast.poznan.pl\/2017\/program\/prawo-do-miasta-i-partycypacja-obywatelska\/\">partycypacja obywatelska<\/a>&nbsp;<a href=\"https:\/\/forumrozwojumiast.poznan.pl\/2017\/wp-content\/uploads\/2017\/12\/h-izdebski_prawo-do-miasta-i-partycypacja-obywatelska.pdf\"><i class=\"fa fa-download\" aria-hidden=\"true\"> <\/i><\/a><\/span><\/div>\n<div class=\"frm-a-last\"><\/div>\n<\/td>\n<\/tr>\n<tr>\n<td class=\"frm-time\">10.30 \u2013 10.50<\/td>\n<td class=\"frm-ag-content\">\n<div class=\"frm-author\"><span class=\"frm-author-s\">dr hab. Jerzy Kociatkiewicz<\/span><\/div>\n<div class=\"frm-title\"><span class=\"frm-title-s\"><a href=\"https:\/\/forumrozwojumiast.poznan.pl\/2017\/program\/zarzadzanie-plynnej-nowoczesnosci\/\">Zarz\u0105dzanie w p\u0142ynnej nowoczesno\u015bci<\/a><\/span>&nbsp;<a href=\"https:\/\/forumrozwojumiast.poznan.pl\/2017\/wp-content\/uploads\/2017\/12\/j-kociatkiewicz_zarzadzanie-w-plynnej-nowoczesnosci.pdf\"><i class=\"fa fa-download\" aria-hidden=\"true\"> <\/i><\/a><\/div>\n<div class=\"frm-a-last\"><\/div>\n<\/td>\n<\/tr>\n<tr>\n<td class=\"frm-time\">10.50 \u2013 11.10<\/td>\n<td class=\"frm-ag-content\">\n<div class=\"frm-author\"><span class=\"frm-author-s\">dr in\u017c. Maciej Stroi\u0144ski<\/span><\/div>\n<div class=\"frm-author\"><span class=\"frm-author-s\">dr in\u017c. Cezary Mazurek<\/span><\/div>\n<div class=\"frm-title\"><span class=\"frm-title-s\"><a href=\"https:\/\/forumrozwojumiast.poznan.pl\/2017\/program\/rozwoj-inteligentnego-miasta-wykorzystaniem-podejscia-citizen-science\/\">Rozw\u00f3j inteligentnego miasta z wykorzystaniem podej\u015bcia Citizen Science<\/a>&nbsp;<a href=\"https:\/\/forumrozwojumiast.poznan.pl\/2017\/wp-content\/uploads\/2017\/12\/c-mazurek_m-stroinski_rozwoj-inteligentnego-miasta-z-wykorzystaniem-podejscia-citizen-science.pdf\"><i class=\"fa fa-download\" aria-hidden=\"true\"> <\/i><\/a><\/span><\/div>\n<div class=\"frm-a-last\"><\/div>\n<\/td>\n<\/tr>\n<tr>\n<td class=\"frm-time\">11.10 \u2013 11.40<\/td>\n<td class=\"frm-ag-content frm-break\">\n<div class=\"frm-title\"><span class=\"frm-title-s\">przerwa<\/span><\/div>\n<div class=\"frm-a-last\"><\/div>\n<\/td>\n<\/tr>\n<tr>\n<td class=\"frm-time\">11.40 \u2013 13.30<\/td>\n<td class=\"frm-ag-content\">\n<div class=\"frm-blue\"><span class=\"frm-blue-s\">DEBATA Z UDZIA\u0141EM PUBLICZNO\u015aCI<\/span><\/div>\n<div class=\"frm-title\"><span class=\"frm-blue-s\"><a href=\"https:\/\/forumrozwojumiast.poznan.pl\/2017\/debata\/\">Jak wykorzysta\u0107 potencja\u0142 miasta?<br \/>\nWsp\u00f3\u0142czesne przestrzenie dla jego rozwoju w przysz\u0142o\u015bci<\/a><\/span><\/div>\n<div class=\"frm-author\"><span class=\"frm-author-s\">prowadzenie debaty: Bogna \u015awi\u0105tkowska, Maciej Fr\u0105ckowiak<\/span><\/div>\n<div class=\"frm-blue\"><span class=\"frm-blue-s\">uczestnicy debaty:\u00a0Pawe\u0142 Adamowicz, Jacek Ja\u015bkowiak,\u00a0Giuseppe De Biasi, Dagmara Nickel, prof. Ewa Rewers, Andriy Moskalenko, Ewa Voelkel-Krokowicz\u00a0<\/span><\/div>\n<div class=\"frm-a-last\"><\/div>\n<\/td>\n<\/tr>\n<tr>\n<td class=\"frm-time\">13.30 \u2013 14.30<\/td>\n<td class=\"frm-ag-content\">\n<div class=\"frm-author\"><span class=\"frm-author-s\">Jim Sims<\/span><\/div>\n<div class=\"frm-title\"><span class=\"frm-title-s\"><a href=\"https:\/\/forumrozwojumiast.poznan.pl\/2017\/program\/urbact\/\">URBACT<\/a> \u2014 dobre praktyki miejskie w obszarach:<br \/>\nmieszkalnictwo, pokolenie Y, transport publiczny oraz przestrze\u0144 publiczna w centrum miasta<\/span>&nbsp;<a href=\"https:\/\/forumrozwojumiast.poznan.pl\/2017\/wp-content\/uploads\/2017\/12\/j-sims_b-kezy_a-talent-friendly-city.pdf\"><i class=\"fa fa-download\" aria-hidden=\"true\"> <\/i><\/a><\/div>\n<div><\/div>\n<div>\n<div class=\"frm-author\"><span class=\"frm-author-s\">Violetta Wabi\u0144ska-Chmielewska<\/span><\/div>\n<div><em>Zr\u00f3wnowa\u017cone planowanie logistyki miejskiej dla wzmocnienia regionalnego transportu towar\u00f3w (SULPiTER)<\/em><\/div>\n<div class=\"frm-a-last\"><\/div>\n<\/div>\n<\/td>\n<\/tr>\n<tr>\n<td class=\"frm-time\">14.30 \u2013 15.30<\/td>\n<td class=\"frm-ag-content frm-break\">\n<div class=\"frm-title\"><span class=\"frm-title-s\">lunch<\/span><\/div>\n<div class=\"frm-a-last\"><\/div>\n<\/td>\n<\/tr>\n<tr>\n<td class=\"frm-time\">15.30 \u2013 18.30<\/td>\n<td class=\"frm-ag-content\">\n<div class=\"frm-author\"><span class=\"frm-author-s\">Agnieszka Deja<\/span><\/div>\n<div class=\"frm-author\"><span class=\"frm-author-s\">Agnieszka Marli\u0144ska<\/span><\/div>\n<div class=\"frm-author\"><span class=\"frm-author-s\">Piotr Wr\u00f3blewski<\/span><\/div>\n<div class=\"frm-blue\"><span class=\"frm-blue-s\"># 1 WARSZTATY DLA MIESZKA\u0143C\u00d3W<\/span><\/div>\n<div class=\"frm-title\"><span class=\"frm-title-s\"><a href=\"https:\/\/forumrozwojumiast.poznan.pl\/2017\/warsztaty\/warsztat-i\/\">Zaanga\u017cowanie spo\u0142eczne, partycypacja i wsp\u00f3\u0142kreacja w miastach<\/a><\/span><\/div>\n<\/td>\n<\/tr>\n<tr>\n<td class=\"frm-time\">15.30 \u2013 18.30<\/td>\n<td class=\"frm-ag-content\">\n<div class=\"frm-author\"><span class=\"frm-author-s\">Wojciech K\u0142osowski<\/span><\/div>\n<div class=\"frm-blue\"><span class=\"frm-blue-s\"># 2 WARSZTATY DLA PRACOWNIK\u00d3W<br \/>\nJEDNOSTEK SAMORZ\u0104DU TERYTORIALNEGO<\/span><\/div>\n<div class=\"frm-title\"><span class=\"frm-title-s\"><a href=\"https:\/\/forumrozwojumiast.poznan.pl\/2017\/warsztaty\/warsztat-ii\/\">Rozko\u0142ysa\u0107 miasto<\/a><\/span><\/div>\n<div class=\"frm-a-last\"><\/div>\n<\/td>\n<\/tr>\n<tr>\n<td class=\"frm-time\">15.30 \u2013 18.30<\/td>\n<td class=\"frm-ag-content\">\n<div class=\"frm-blue\"><span class=\"frm-blue-s\"># 4 WARSZTATY DLA M\u0141ODYCH,<br \/>\nPRZEDSI\u0118BIORCZYCH OS\u00d3B Z UKRAINY<\/span><\/div>\n<div class=\"frm-title\"><span class=\"frm-title-s\"><a href=\"https:\/\/forumrozwojumiast.poznan.pl\/2017\/warsztaty\/ukrainski-potencjal\/\">Krok po kroku do w\u0142asnej firmy<\/a><\/span><\/div>\n<div class=\"frm-author\"><span class=\"frm-author-s\">Prowadzenie: Agata Ocieczek, Miasto Pozna\u0144, Wydzia\u0142 Dzia\u0142alno\u015bci Gospodarczej i Rolnictwa<\/span><\/div>\n<div class=\"frm-a-last\"><\/div>\n<\/td>\n<\/tr>\n<tr>\n<td class=\"frm-time\">15.30 \u2013 18.30<\/td>\n<td class=\"frm-ag-content\">\n<div class=\"frm-author\"><span class=\"frm-author-s\">Roman Niedzielski<\/span><\/div>\n<div class=\"frm-author\"><span class=\"frm-author-s\">Tomasz Smolarz<\/span><\/div>\n<div class=\"frm-author\"><span class=\"frm-author-s\">Karolina Kotkowska<\/span><\/div>\n<div class=\"frm-author\"><span class=\"frm-author-s\">Anton Bulakh<\/span><\/div>\n<div class=\"frm-author\"><span class=\"frm-author-s\">dr Izabela Czerniejewska<\/span><\/div>\n<div class=\"frm-author\"><span class=\"frm-author-s\">Anna Potrzebowska <\/span><\/div>\n<div class=\"frm-blue\"><span class=\"frm-blue-s\"># 5 WARSZTATY DLA M\u0141ODYCH,<br \/>\nPRZEDSI\u0118BIORCZYCH OS\u00d3B Z UKRAINY<\/span><\/div>\n<div class=\"frm-title\"><span class=\"frm-title-s\"><a href=\"https:\/\/forumrozwojumiast.poznan.pl\/2017\/warsztaty\/ukrainski-potencjal\/\">Pomys\u0142 &#8211; biznes &#8211; innowacje: wsp\u00f3\u0142praca i wsparcie w dzia\u0142aniu<\/a> <\/span><\/div>\n<div class=\"frm-author\"><span class=\"frm-author-s\">Prowadzenie: Anna Aleksandrzak, Miasto Pozna\u0144, Wydzia\u0142 Rozwoju Miasta<\/span><\/div>\n<div class=\"frm-a-last\"><\/div>\n<\/td>\n<\/tr>\n<tr>\n<td class=\"frm-time\">18.30 \u2013 20.00<\/td>\n<td class=\"frm-ag-content\">\n<div class=\"frm-author\"><span class=\"frm-author-s\">Jim Sims<\/span><\/div>\n<div class=\"frm-blue\"><span class=\"frm-blue-s\"># 3 WARSZTATY DLA SIECI PROGRAMU URBACT III<\/span><\/div>\n<div class=\"frm-title\"><span class=\"frm-title-s\"><a href=\"https:\/\/forumrozwojumiast.poznan.pl\/2017\/warsztaty\/warsztat-iii\/\">URBAN networking<\/a><\/span><\/div>\n<div class=\"frm-a-last\"><\/div>\n<\/td>\n<\/tr>\n<\/tbody>\n<\/table>\n<\/div>\n<div id=\"frm-day2-bl\">\n<div class=\"frm-date-title frm-date-title-l\">dzie\u0144 II &#8211; 7 | 12 | 2017 &#8211; mieszka\u0144cy dla miasta<\/div>\n<table class=\"frm-agenda\">\n<tbody>\n<tr>\n<td class=\"frm-time\"><\/td>\n<td class=\"frm-ag-content\">\n<div class=\"frm-author\"><span class=\"frm-author-s\">Marta \u017bakowska<\/span><br \/>\n| &#8222;Magazyn Miasta&#8221;<\/div>\n<div class=\"frm-title\"><em><span class=\"frm-title-s\">prowadzenie konferencji<\/span><\/em><\/div>\n<div class=\"frm-a-last\"><\/div>\n<\/td>\n<\/tr>\n<tr>\n<td class=\"frm-time\">9.00 \u2013 9.10<\/td>\n<td class=\"frm-ag-content\">\n<div class=\"frm-author\"><span class=\"frm-author-s\">Mariusz Wi\u015bniewski<\/span><br \/>\n| Zast\u0119pca Prezydenta Miasta Poznania<\/div>\n<div class=\"frm-title\"><span class=\"frm-title-s\">Inauguracja<\/span><\/div>\n<div class=\"frm-a-last\"><\/div>\n<\/td>\n<\/tr>\n<tr>\n<td class=\"frm-time\">9.10 \u2013 9.30<\/td>\n<td class=\"frm-ag-content\">\n<div class=\"frm-author\"><span class=\"frm-author-s\">dr Magdalena Pi\u0142at-Borcuch<\/span><\/div>\n<div class=\"frm-title\"><span class=\"frm-title-s\"><a href=\"https:\/\/forumrozwojumiast.poznan.pl\/2017\/program\/design-partycypacyjny-jako-sposob-ksztaltowania-odpowiedzialnego-obywatela\/\">Design partycypacyjny jako spos\u00f3b kszta\u0142towania odpowiedzialnego obywatela<\/a><\/span>&nbsp;<a href=\"https:\/\/forumrozwojumiast.poznan.pl\/2017\/wp-content\/uploads\/2017\/12\/m-pilat-borcuch_design_partycypacyjny_jako_sposob_ksztaltowania_odpowiedzialnego_obywatela.pdf\"><i class=\"fa fa-download\" aria-hidden=\"true\"> <\/i><\/a><\/div>\n<div class=\"frm-a-last\"><\/div>\n<\/td>\n<\/tr>\n<tr>\n<td class=\"frm-time\">9.30 \u2013 10.00<\/td>\n<td class=\"frm-ag-content\">\n<div class=\"frm-author\"><span class=\"frm-author-s\">prof. Roberto Verganti<\/span><\/div>\n<div class=\"frm-title\"><span class=\"frm-title-s\"><a href=\"https:\/\/forumrozwojumiast.poznan.pl\/2017\/program\/innowacje-oparte-zmianie-znaczenia\/\">Innowacje oparte o zmian\u0119 znaczenia<\/a><\/span>&nbsp;<a href=\"https:\/\/forumrozwojumiast.poznan.pl\/2017\/wp-content\/uploads\/2017\/12\/r-verganti_municipality.pdf\"><i class=\"fa fa-download\" aria-hidden=\"true\"> <\/i><\/a><\/div>\n<div class=\"frm-a-last\"><\/div>\n<\/td>\n<\/tr>\n<tr>\n<td class=\"frm-time\">10.00 \u2013 10.20<\/td>\n<td class=\"frm-ag-content\">\n<div class=\"frm-author\"><span class=\"frm-author-s\">Ewa sims<\/span><\/div>\n<div class=\"frm-title\"><span class=\"frm-title-s\"><a href=\"https:\/\/forumrozwojumiast.poznan.pl\/2017\/program\/programowanie-kodowanie-rozwoj-kompetencji-mlodego-pokolenia\/\">\u201eProgramowanie\u201dczy \u201eKodowanie\u201d- rozw\u00f3j m\u0142odego pokolenia<\/a>&nbsp;<a href=\"https:\/\/forumrozwojumiast.poznan.pl\/2017\/wp-content\/uploads\/2017\/12\/e-krupa_kodowanie-czy-programowanie.pdf\"><i class=\"fa fa-download\" aria-hidden=\"true\"> <\/i><\/a><\/span><\/div>\n<div class=\"frm-a-last\"><\/div>\n<\/td>\n<\/tr>\n<tr>\n<td class=\"frm-time\">10.20 \u2013 10.40<\/td>\n<td class=\"frm-ag-content\">\n<div class=\"frm-author\"><span class=\"frm-author-s\">Sebastian Grabowski<\/span><\/div>\n<div class=\"frm-title\"><span class=\"frm-title-s\">Dobro wsp\u00f3lne jako kluczowy element kreowania inteligentnego spo\u0142ecze\u0144stwa \u2013 case projektu #naroguDekerta<\/span><\/div>\n<div class=\"frm-a-last\"><\/div>\n<\/td>\n<\/tr>\n<tr>\n<td class=\"frm-time\">10.40 \u2013 11.10<\/td>\n<td class=\"frm-ag-content frm-break\">\n<div class=\"frm-title\"><span class=\"frm-title-s\">przerwa<\/span><\/div>\n<div class=\"frm-a-last\"><\/div>\n<\/td>\n<\/tr>\n<tr>\n<td class=\"frm-time\">11.10 \u2013 11.30<\/td>\n<td class=\"frm-ag-content\">\n<div class=\"frm-author\"><span class=\"frm-author-s\">Agata Grenda<\/span><\/div>\n<div class=\"frm-title\"><span class=\"frm-title-s\">Kultura w r\u0119kach mieszka\u0144c\u00f3w jako strategiczny element rozwoju miasta<\/span>&nbsp;<a href=\"https:\/\/forumrozwojumiast.poznan.pl\/2017\/wp-content\/uploads\/2017\/12\/a-grenda_kultura-w-rekach-mieszkancow.pdf\"><i class=\"fa fa-download\" aria-hidden=\"true\"> <\/i><\/a><\/div>\n<div class=\"frm-a-last\"><\/div>\n<\/td>\n<\/tr>\n<tr>\n<td class=\"frm-time\">11.30 \u2013 12.30<\/td>\n<td class=\"frm-ag-content\">\n<div class=\"frm-author\"><span class=\"frm-author-s\">Anna Wr\u00f3blewska<\/span><\/div>\n<div class=\"frm-title\"><span class=\"frm-title-s\">Projektowanie miast przysz\u0142o\u015bci \u2013 od miasta idealnego do miasta utopii<\/span><\/div>\n<div class=\"frm-blue\"><span class=\"frm-blue-s\">KONKURS NA INICJATYWY MIEJSKIE<\/span><\/div>\n<div class=\"frm-title\"><span class=\"frm-title-s\">prezentacje najlepszych projekt\u00f3w konkursowych<\/span><\/div>\n<div class=\"frm-a-last\"><\/div>\n<\/td>\n<\/tr>\n<tr>\n<td class=\"frm-time\">12.30 \u2013 14.00<\/td>\n<td class=\"frm-ag-content\">\n<div class=\"frm-author\"><span class=\"frm-author-s\">Filip Springer z udzia\u0142em Teatru Improwizowanego KLANCYK<\/span><\/div>\n<div class=\"frm-title\"><span class=\"frm-title-s\">O mie\u015bcie<\/span><\/div>\n<div class=\"frm-a-last\"><\/div>\n<\/td>\n<\/tr>\n<tr>\n<td class=\"frm-time\">14.00 \u2013 15.00<\/td>\n<td class=\"frm-ag-content frm-break\">\n<div class=\"frm-title\"><span class=\"frm-title-s\">lunch<\/span><\/div>\n<div class=\"frm-a-last\"><\/div>\n<\/td>\n<\/tr>\n<\/tbody>\n<\/table>\n<\/div>\n","protected":false},"excerpt":{"rendered":"<p>dzie\u0144 I &#8211; 6 | 12 | 2017 miasto dla mieszka\u0144c\u00f3w dzie\u0144 II &#8211; 7 | 12 | 2017 mieszka\u0144cy dla miasta dzie\u0144 I &#8211; 6 | 12 | 2017 &#8211; miasto dla mieszka\u0144c\u00f3w Marta \u017bakowska | &#8222;Magazyn Miasta&#8221; prowadzenie konferencji 9.00 \u2013 9.15 Jacek Ja\u015bkowiak | Prezydent Miasta Poznania inauguracja Iwona Matuszczak- Szulc | &hellip; <\/p>\n<p class=\"link-more\"><a href=\"https:\/\/forumrozwojumiast.poznan.pl\/2017\/program\/\" class=\"more-link\">Continue reading<span class=\"screen-reader-text\"> &#8222;Program&#8221;<\/span><\/a><\/p>\n","protected":false},"author":1,"featured_media":0,"parent":0,"menu_order":32,"comment_status":"closed","ping_status":"closed","template":"","meta":{"_acf_changed":false,"inline_featured_image":false,"ngg_post_thumbnail":0,"footnotes":""},"class_list":["post-15","page","type-page","status-publish","hentry"],"acf":[],"yoast_head":"<!-- This site is optimized with the Yoast SEO plugin v27.4 - https:\/\/yoast.com\/product\/yoast-seo-wordpress\/ -->\n<title>Program - Forum Rozwoju Miast<\/title>\n<meta name=\"robots\" content=\"index, follow, max-snippet:-1, max-image-preview:large, max-video-preview:-1\" \/>\n<link rel=\"canonical\" href=\"https:\/\/forumrozwojumiast.poznan.pl\/2017\/program\/\" \/>\n<meta property=\"og:locale\" content=\"pl_PL\" \/>\n<meta property=\"og:type\" content=\"article\" \/>\n<meta property=\"og:title\" content=\"Program - Forum Rozwoju Miast\" \/>\n<meta property=\"og:description\" content=\"dzie\u0144 I &#8211; 6 | 12 | 2017 miasto dla mieszka\u0144c\u00f3w dzie\u0144 II &#8211; 7 | 12 | 2017 mieszka\u0144cy dla miasta dzie\u0144 I &#8211; 6 | 12 | 2017 &#8211; miasto dla mieszka\u0144c\u00f3w Marta \u017bakowska | &#8222;Magazyn Miasta&#8221; prowadzenie konferencji 9.00 \u2013 9.15 Jacek Ja\u015bkowiak | Prezydent Miasta Poznania inauguracja Iwona Matuszczak- Szulc | &hellip; Continue reading &quot;Program&quot;\" \/>\n<meta property=\"og:url\" content=\"https:\/\/forumrozwojumiast.poznan.pl\/2017\/program\/\" \/>\n<meta property=\"og:site_name\" content=\"Forum Rozwoju Miast\" \/>\n<meta property=\"article:modified_time\" content=\"2017-12-18T08:32:44+00:00\" \/>\n<meta name=\"twitter:card\" content=\"summary_large_image\" \/>\n<meta name=\"twitter:label1\" content=\"Szacowany czas czytania\" \/>\n\t<meta name=\"twitter:data1\" content=\"2 minuty\" \/>\n<script type=\"application\/ld+json\" class=\"yoast-schema-graph\">{\"@context\":\"https:\\\/\\\/schema.org\",\"@graph\":[{\"@type\":\"WebPage\",\"@id\":\"https:\\\/\\\/forumrozwojumiast.poznan.pl\\\/2017\\\/program\\\/\",\"url\":\"https:\\\/\\\/forumrozwojumiast.poznan.pl\\\/2017\\\/program\\\/\",\"name\":\"Program - Forum Rozwoju Miast\",\"isPartOf\":{\"@id\":\"https:\\\/\\\/forumrozwojumiast.poznan.pl\\\/2017\\\/#website\"},\"datePublished\":\"2017-08-01T09:32:07+00:00\",\"dateModified\":\"2017-12-18T08:32:44+00:00\",\"breadcrumb\":{\"@id\":\"https:\\\/\\\/forumrozwojumiast.poznan.pl\\\/2017\\\/program\\\/#breadcrumb\"},\"inLanguage\":\"pl-PL\",\"potentialAction\":[{\"@type\":\"ReadAction\",\"target\":[\"https:\\\/\\\/forumrozwojumiast.poznan.pl\\\/2017\\\/program\\\/\"]}]},{\"@type\":\"BreadcrumbList\",\"@id\":\"https:\\\/\\\/forumrozwojumiast.poznan.pl\\\/2017\\\/program\\\/#breadcrumb\",\"itemListElement\":[{\"@type\":\"ListItem\",\"position\":1,\"name\":\"Strona g\u0142\u00f3wna\",\"item\":\"https:\\\/\\\/forumrozwojumiast.poznan.pl\\\/2017\\\/\"},{\"@type\":\"ListItem\",\"position\":2,\"name\":\"Program\"}]},{\"@type\":\"WebSite\",\"@id\":\"https:\\\/\\\/forumrozwojumiast.poznan.pl\\\/2017\\\/#website\",\"url\":\"https:\\\/\\\/forumrozwojumiast.poznan.pl\\\/2017\\\/\",\"name\":\"Forum Rozwoju Miast\",\"description\":\"Obywatelski wymiar strategicznego zarz\u0105dzania miastem\",\"publisher\":{\"@id\":\"https:\\\/\\\/forumrozwojumiast.poznan.pl\\\/2017\\\/#organization\"},\"potentialAction\":[{\"@type\":\"SearchAction\",\"target\":{\"@type\":\"EntryPoint\",\"urlTemplate\":\"https:\\\/\\\/forumrozwojumiast.poznan.pl\\\/2017\\\/?s={search_term_string}\"},\"query-input\":{\"@type\":\"PropertyValueSpecification\",\"valueRequired\":true,\"valueName\":\"search_term_string\"}}],\"inLanguage\":\"pl-PL\"},{\"@type\":\"Organization\",\"@id\":\"https:\\\/\\\/forumrozwojumiast.poznan.pl\\\/2017\\\/#organization\",\"name\":\"Forum Rozwoju Miast\",\"url\":\"https:\\\/\\\/forumrozwojumiast.poznan.pl\\\/2017\\\/\",\"logo\":{\"@type\":\"ImageObject\",\"inLanguage\":\"pl-PL\",\"@id\":\"https:\\\/\\\/forumrozwojumiast.poznan.pl\\\/2017\\\/#\\\/schema\\\/logo\\\/image\\\/\",\"url\":\"https:\\\/\\\/forumrozwojumiast.poznan.pl\\\/2017\\\/wp-content\\\/uploads\\\/2017\\\/09\\\/cropped-FORUM-ROZWOJU-MIAST-3.png\",\"contentUrl\":\"https:\\\/\\\/forumrozwojumiast.poznan.pl\\\/2017\\\/wp-content\\\/uploads\\\/2017\\\/09\\\/cropped-FORUM-ROZWOJU-MIAST-3.png\",\"width\":627,\"height\":250,\"caption\":\"Forum Rozwoju Miast\"},\"image\":{\"@id\":\"https:\\\/\\\/forumrozwojumiast.poznan.pl\\\/2017\\\/#\\\/schema\\\/logo\\\/image\\\/\"}}]}<\/script>\n<!-- \/ Yoast SEO plugin. -->","yoast_head_json":{"title":"Program - Forum Rozwoju Miast","robots":{"index":"index","follow":"follow","max-snippet":"max-snippet:-1","max-image-preview":"max-image-preview:large","max-video-preview":"max-video-preview:-1"},"canonical":"https:\/\/forumrozwojumiast.poznan.pl\/2017\/program\/","og_locale":"pl_PL","og_type":"article","og_title":"Program - Forum Rozwoju Miast","og_description":"dzie\u0144 I &#8211; 6 | 12 | 2017 miasto dla mieszka\u0144c\u00f3w dzie\u0144 II &#8211; 7 | 12 | 2017 mieszka\u0144cy dla miasta dzie\u0144 I &#8211; 6 | 12 | 2017 &#8211; miasto dla mieszka\u0144c\u00f3w Marta \u017bakowska | &#8222;Magazyn Miasta&#8221; prowadzenie konferencji 9.00 \u2013 9.15 Jacek Ja\u015bkowiak | Prezydent Miasta Poznania inauguracja Iwona Matuszczak- Szulc | &hellip; Continue reading \"Program\"","og_url":"https:\/\/forumrozwojumiast.poznan.pl\/2017\/program\/","og_site_name":"Forum Rozwoju Miast","article_modified_time":"2017-12-18T08:32:44+00:00","twitter_card":"summary_large_image","twitter_misc":{"Szacowany czas czytania":"2 minuty"},"schema":{"@context":"https:\/\/schema.org","@graph":[{"@type":"WebPage","@id":"https:\/\/forumrozwojumiast.poznan.pl\/2017\/program\/","url":"https:\/\/forumrozwojumiast.poznan.pl\/2017\/program\/","name":"Program - Forum Rozwoju Miast","isPartOf":{"@id":"https:\/\/forumrozwojumiast.poznan.pl\/2017\/#website"},"datePublished":"2017-08-01T09:32:07+00:00","dateModified":"2017-12-18T08:32:44+00:00","breadcrumb":{"@id":"https:\/\/forumrozwojumiast.poznan.pl\/2017\/program\/#breadcrumb"},"inLanguage":"pl-PL","potentialAction":[{"@type":"ReadAction","target":["https:\/\/forumrozwojumiast.poznan.pl\/2017\/program\/"]}]},{"@type":"BreadcrumbList","@id":"https:\/\/forumrozwojumiast.poznan.pl\/2017\/program\/#breadcrumb","itemListElement":[{"@type":"ListItem","position":1,"name":"Strona g\u0142\u00f3wna","item":"https:\/\/forumrozwojumiast.poznan.pl\/2017\/"},{"@type":"ListItem","position":2,"name":"Program"}]},{"@type":"WebSite","@id":"https:\/\/forumrozwojumiast.poznan.pl\/2017\/#website","url":"https:\/\/forumrozwojumiast.poznan.pl\/2017\/","name":"Forum Rozwoju Miast","description":"Obywatelski wymiar strategicznego zarz\u0105dzania miastem","publisher":{"@id":"https:\/\/forumrozwojumiast.poznan.pl\/2017\/#organization"},"potentialAction":[{"@type":"SearchAction","target":{"@type":"EntryPoint","urlTemplate":"https:\/\/forumrozwojumiast.poznan.pl\/2017\/?s={search_term_string}"},"query-input":{"@type":"PropertyValueSpecification","valueRequired":true,"valueName":"search_term_string"}}],"inLanguage":"pl-PL"},{"@type":"Organization","@id":"https:\/\/forumrozwojumiast.poznan.pl\/2017\/#organization","name":"Forum Rozwoju Miast","url":"https:\/\/forumrozwojumiast.poznan.pl\/2017\/","logo":{"@type":"ImageObject","inLanguage":"pl-PL","@id":"https:\/\/forumrozwojumiast.poznan.pl\/2017\/#\/schema\/logo\/image\/","url":"https:\/\/forumrozwojumiast.poznan.pl\/2017\/wp-content\/uploads\/2017\/09\/cropped-FORUM-ROZWOJU-MIAST-3.png","contentUrl":"https:\/\/forumrozwojumiast.poznan.pl\/2017\/wp-content\/uploads\/2017\/09\/cropped-FORUM-ROZWOJU-MIAST-3.png","width":627,"height":250,"caption":"Forum Rozwoju Miast"},"image":{"@id":"https:\/\/forumrozwojumiast.poznan.pl\/2017\/#\/schema\/logo\/image\/"}}]}},"_links":{"self":[{"href":"https:\/\/forumrozwojumiast.poznan.pl\/2017\/wp-json\/wp\/v2\/pages\/15","targetHints":{"allow":["GET"]}}],"collection":[{"href":"https:\/\/forumrozwojumiast.poznan.pl\/2017\/wp-json\/wp\/v2\/pages"}],"about":[{"href":"https:\/\/forumrozwojumiast.poznan.pl\/2017\/wp-json\/wp\/v2\/types\/page"}],"author":[{"embeddable":true,"href":"https:\/\/forumrozwojumiast.poznan.pl\/2017\/wp-json\/wp\/v2\/users\/1"}],"replies":[{"embeddable":true,"href":"https:\/\/forumrozwojumiast.poznan.pl\/2017\/wp-json\/wp\/v2\/comments?post=15"}],"version-history":[{"count":124,"href":"https:\/\/forumrozwojumiast.poznan.pl\/2017\/wp-json\/wp\/v2\/pages\/15\/revisions"}],"predecessor-version":[{"id":1864,"href":"https:\/\/forumrozwojumiast.poznan.pl\/2017\/wp-json\/wp\/v2\/pages\/15\/revisions\/1864"}],"wp:attachment":[{"href":"https:\/\/forumrozwojumiast.poznan.pl\/2017\/wp-json\/wp\/v2\/media?parent=15"}],"curies":[{"name":"wp","href":"https:\/\/api.w.org\/{rel}","templated":true}]}}