{"id":3464,"date":"2019-08-01T11:09:46","date_gmt":"2019-08-01T09:09:46","guid":{"rendered":"https:\/\/forumrozwojumiast.poznan.pl\/2019\/?page_id=3464"},"modified":"2019-08-16T09:10:59","modified_gmt":"2019-08-16T07:10:59","slug":"debata","status":"publish","type":"page","link":"https:\/\/forumrozwojumiast.poznan.pl\/2019\/debata\/","title":{"rendered":"debata Smart City"},"content":{"rendered":"<p style=\"text-align: center;\"><span style=\"font-size: 18pt;\"><strong>\u201eSmart city. Technologia w&nbsp;s\u0142u\u017cbie zaradnych spo\u0142eczno\u015bci\u201d<\/strong><\/span><\/p>\n<p>Tytu\u0142owe rozumienie smart city nie jest wcale oczywiste. Jest&nbsp;raczej postulatem urbanist\u00f3w, architekt\u00f3w czy badaczy spo\u0142ecznych, takich jak np. Richard Sennett, Reinier de Graaf, Saskia Sassen czy Adam Greenfield (by wymieni\u0107 tylko najbardziej znanych), kt\u00f3rzy z&nbsp;niepokojem przygl\u0105daj\u0105 si\u0119 najbardziej rozpowszechnionemu <b>pojmowaniu miast inteligentnych<\/b> \u2013 gdzie technologia zdaje si\u0119 by\u0107 celem samym w&nbsp;sobie, a konsekwencje fetyszowania jej skuteczno\u015bci w&nbsp;rozwi\u0105zywaniu problem\u00f3w wsp\u00f3\u0142czesnych miast pozostaj\u0105 zbyt rzadko rozpoznawane.<\/p>\n<p>Krytycy <b>technofilskiego podej\u015bcia<\/b> do&nbsp;smart cities wskazuj\u0105 na&nbsp;ryzyka zwi\u0105zane m.in.&nbsp;z:<\/p>\n<ul>\n<li>post\u0119powaniem prywatyzacji us\u0142ug publicznych;<\/li>\n<li>dysfunkcjonalno\u015bci\u0105 projektowanych rozwi\u0105za\u0144 w&nbsp;kr\u00f3tkim okresie czasu (skutek uproszczonego modelu miasta i&nbsp;problem\u00f3w spo\u0142ecznych stoj\u0105cych u podstaw tych rozwi\u0105za\u0144);<\/li>\n<li>wzrostem nadzoru i&nbsp;brakiem kontroli nad&nbsp;ogromem danych gromadzonych o mieszka\u0144cach przez rozsiane po mie\u015bcie czujniki;<\/li>\n<li>postaw\u0105 klienck\u0105 zast\u0119puj\u0105c\u0105 u mieszka\u0144c\u00f3w ide\u0119 obywatelsk\u0105 (co stanowi zagro\u017cenie dla i&nbsp;tak zagro\u017conej demokracji);<\/li>\n<li>obni\u017ceniem poziomu kompetencji spo\u0142ecznych i&nbsp;os\u0142abieniem wi\u0119zi;<\/li>\n<li>oddelegowaniem odpowiedzialno\u015bci za tworzenie nowych utopii na&nbsp;korporacje.<\/li>\n<\/ul>\n<p>Mieliby\u015bmy zatem do&nbsp;czynienia ze zjawiskiem cokolwiek paradoksalnym- nowe technologie miejskie zamiast podnosi\u0107, raczej obni\u017ca\u0142yby tzw. <b>odporno\u015b\u0107 miast<\/b> na&nbsp;mo\u017cliwe napi\u0119cia i&nbsp;kryzysy (gospodarcze, klimatyczne, spo\u0142eczne).<\/p>\n<p>Te i&nbsp;podobne g\u0142osy nie oznaczaj\u0105 oczywi\u015bcie zupe\u0142nego odrzucenia mo\u017cliwo\u015bci stwarzanych przez post\u0119p technologiczny, ale raczej zmian\u0119 ramy my\u015blenia o innowacjach miejskich, kt\u00f3re mog\u0105 by\u0107 tego skutkiem. Ben Green, autor ksi\u0105\u017cki o znacz\u0105cym tytule &#8222;The smart (enough) city&#8221;, postuluje <b>spojrzenie holistyczne<\/b>, w&nbsp;kt\u00f3rym technologia zamiast obietnic\u0105 wyr\u0119czenia, staje si\u0119 na&nbsp;powr\u00f3t narz\u0119dziem w&nbsp;r\u0119kach w\u0142odarzy i&nbsp;spo\u0142eczno\u015bci miejskich.<\/p>\n<p>prowadz\u0105cy: dr Maciej Fr\u0105ckowiak<\/p>\n","protected":false},"excerpt":{"rendered":"<p>\u201eSmart city. Technologia w&nbsp;s\u0142u\u017cbie zaradnych spo\u0142eczno\u015bci\u201d Tytu\u0142owe rozumienie smart city nie jest wcale oczywiste. Jest&nbsp;raczej postulatem urbanist\u00f3w, architekt\u00f3w czy badaczy spo\u0142ecznych, takich jak np. Richard Sennett, Reinier de Graaf, Saskia Sassen czy Adam Greenfield (by wymieni\u0107 tylko najbardziej znanych), kt\u00f3rzy z&nbsp;niepokojem przygl\u0105daj\u0105 si\u0119 najbardziej rozpowszechnionemu pojmowaniu miast inteligentnych \u2013 gdzie technologia zdaje si\u0119 by\u0107 celem &hellip; <\/p>\n<p class=\"link-more\"><a href=\"https:\/\/forumrozwojumiast.poznan.pl\/2019\/debata\/\" class=\"more-link\">Continue reading<span class=\"screen-reader-text\"> &#8222;debata Smart City&#8221;<\/span><\/a><\/p>\n","protected":false},"author":1,"featured_media":0,"parent":0,"menu_order":0,"comment_status":"closed","ping_status":"closed","template":"","meta":{"_acf_changed":false,"inline_featured_image":false,"ngg_post_thumbnail":0,"footnotes":""},"class_list":["post-3464","page","type-page","status-publish","hentry"],"acf":[],"yoast_head":"<!-- This site is optimized with the Yoast SEO plugin v27.3 - https:\/\/yoast.com\/product\/yoast-seo-wordpress\/ -->\n<title>debata Smart City - Forum Rozwoju Miast<\/title>\n<meta name=\"robots\" content=\"index, follow, max-snippet:-1, max-image-preview:large, max-video-preview:-1\" \/>\n<link rel=\"canonical\" href=\"https:\/\/forumrozwojumiast.poznan.pl\/2019\/debata\/\" \/>\n<meta property=\"og:locale\" content=\"pl_PL\" \/>\n<meta property=\"og:type\" content=\"article\" \/>\n<meta property=\"og:title\" content=\"debata Smart City - Forum Rozwoju Miast\" \/>\n<meta property=\"og:description\" content=\"\u201eSmart city. Technologia w&nbsp;s\u0142u\u017cbie zaradnych spo\u0142eczno\u015bci\u201d Tytu\u0142owe rozumienie smart city nie jest wcale oczywiste. Jest&nbsp;raczej postulatem urbanist\u00f3w, architekt\u00f3w czy badaczy spo\u0142ecznych, takich jak np. Richard Sennett, Reinier de Graaf, Saskia Sassen czy Adam Greenfield (by wymieni\u0107 tylko najbardziej znanych), kt\u00f3rzy z&nbsp;niepokojem przygl\u0105daj\u0105 si\u0119 najbardziej rozpowszechnionemu pojmowaniu miast inteligentnych \u2013 gdzie technologia zdaje si\u0119 by\u0107 celem &hellip; Continue reading &quot;debata Smart City&quot;\" \/>\n<meta property=\"og:url\" content=\"https:\/\/forumrozwojumiast.poznan.pl\/2019\/debata\/\" \/>\n<meta property=\"og:site_name\" content=\"Forum Rozwoju Miast\" \/>\n<meta property=\"article:modified_time\" content=\"2019-08-16T07:10:59+00:00\" \/>\n<meta name=\"twitter:card\" content=\"summary_large_image\" \/>\n<meta name=\"twitter:label1\" content=\"Szacowany czas czytania\" \/>\n\t<meta name=\"twitter:data1\" content=\"2 minuty\" \/>\n<script type=\"application\/ld+json\" class=\"yoast-schema-graph\">{\"@context\":\"https:\\\/\\\/schema.org\",\"@graph\":[{\"@type\":\"WebPage\",\"@id\":\"https:\\\/\\\/forumrozwojumiast.poznan.pl\\\/2019\\\/debata\\\/\",\"url\":\"https:\\\/\\\/forumrozwojumiast.poznan.pl\\\/2019\\\/debata\\\/\",\"name\":\"debata Smart City - Forum Rozwoju Miast\",\"isPartOf\":{\"@id\":\"https:\\\/\\\/forumrozwojumiast.poznan.pl\\\/2019\\\/#website\"},\"datePublished\":\"2019-08-01T09:09:46+00:00\",\"dateModified\":\"2019-08-16T07:10:59+00:00\",\"breadcrumb\":{\"@id\":\"https:\\\/\\\/forumrozwojumiast.poznan.pl\\\/2019\\\/debata\\\/#breadcrumb\"},\"inLanguage\":\"pl-PL\",\"potentialAction\":[{\"@type\":\"ReadAction\",\"target\":[\"https:\\\/\\\/forumrozwojumiast.poznan.pl\\\/2019\\\/debata\\\/\"]}]},{\"@type\":\"BreadcrumbList\",\"@id\":\"https:\\\/\\\/forumrozwojumiast.poznan.pl\\\/2019\\\/debata\\\/#breadcrumb\",\"itemListElement\":[{\"@type\":\"ListItem\",\"position\":1,\"name\":\"Strona g\u0142\u00f3wna\",\"item\":\"https:\\\/\\\/forumrozwojumiast.poznan.pl\\\/2019\\\/\"},{\"@type\":\"ListItem\",\"position\":2,\"name\":\"debata Smart City\"}]},{\"@type\":\"WebSite\",\"@id\":\"https:\\\/\\\/forumrozwojumiast.poznan.pl\\\/2019\\\/#website\",\"url\":\"https:\\\/\\\/forumrozwojumiast.poznan.pl\\\/2019\\\/\",\"name\":\"Forum Rozwoju Miast\",\"description\":\"Obywatelski wymiar strategicznego zarz\u0105dzania miastem\",\"potentialAction\":[{\"@type\":\"SearchAction\",\"target\":{\"@type\":\"EntryPoint\",\"urlTemplate\":\"https:\\\/\\\/forumrozwojumiast.poznan.pl\\\/2019\\\/?s={search_term_string}\"},\"query-input\":{\"@type\":\"PropertyValueSpecification\",\"valueRequired\":true,\"valueName\":\"search_term_string\"}}],\"inLanguage\":\"pl-PL\"}]}<\/script>\n<!-- \/ Yoast SEO plugin. -->","yoast_head_json":{"title":"debata Smart City - Forum Rozwoju Miast","robots":{"index":"index","follow":"follow","max-snippet":"max-snippet:-1","max-image-preview":"max-image-preview:large","max-video-preview":"max-video-preview:-1"},"canonical":"https:\/\/forumrozwojumiast.poznan.pl\/2019\/debata\/","og_locale":"pl_PL","og_type":"article","og_title":"debata Smart City - Forum Rozwoju Miast","og_description":"\u201eSmart city. Technologia w&nbsp;s\u0142u\u017cbie zaradnych spo\u0142eczno\u015bci\u201d Tytu\u0142owe rozumienie smart city nie jest wcale oczywiste. Jest&nbsp;raczej postulatem urbanist\u00f3w, architekt\u00f3w czy badaczy spo\u0142ecznych, takich jak np. Richard Sennett, Reinier de Graaf, Saskia Sassen czy Adam Greenfield (by wymieni\u0107 tylko najbardziej znanych), kt\u00f3rzy z&nbsp;niepokojem przygl\u0105daj\u0105 si\u0119 najbardziej rozpowszechnionemu pojmowaniu miast inteligentnych \u2013 gdzie technologia zdaje si\u0119 by\u0107 celem &hellip; Continue reading \"debata Smart City\"","og_url":"https:\/\/forumrozwojumiast.poznan.pl\/2019\/debata\/","og_site_name":"Forum Rozwoju Miast","article_modified_time":"2019-08-16T07:10:59+00:00","twitter_card":"summary_large_image","twitter_misc":{"Szacowany czas czytania":"2 minuty"},"schema":{"@context":"https:\/\/schema.org","@graph":[{"@type":"WebPage","@id":"https:\/\/forumrozwojumiast.poznan.pl\/2019\/debata\/","url":"https:\/\/forumrozwojumiast.poznan.pl\/2019\/debata\/","name":"debata Smart City - Forum Rozwoju Miast","isPartOf":{"@id":"https:\/\/forumrozwojumiast.poznan.pl\/2019\/#website"},"datePublished":"2019-08-01T09:09:46+00:00","dateModified":"2019-08-16T07:10:59+00:00","breadcrumb":{"@id":"https:\/\/forumrozwojumiast.poznan.pl\/2019\/debata\/#breadcrumb"},"inLanguage":"pl-PL","potentialAction":[{"@type":"ReadAction","target":["https:\/\/forumrozwojumiast.poznan.pl\/2019\/debata\/"]}]},{"@type":"BreadcrumbList","@id":"https:\/\/forumrozwojumiast.poznan.pl\/2019\/debata\/#breadcrumb","itemListElement":[{"@type":"ListItem","position":1,"name":"Strona g\u0142\u00f3wna","item":"https:\/\/forumrozwojumiast.poznan.pl\/2019\/"},{"@type":"ListItem","position":2,"name":"debata Smart City"}]},{"@type":"WebSite","@id":"https:\/\/forumrozwojumiast.poznan.pl\/2019\/#website","url":"https:\/\/forumrozwojumiast.poznan.pl\/2019\/","name":"Forum Rozwoju Miast","description":"Obywatelski wymiar strategicznego zarz\u0105dzania miastem","potentialAction":[{"@type":"SearchAction","target":{"@type":"EntryPoint","urlTemplate":"https:\/\/forumrozwojumiast.poznan.pl\/2019\/?s={search_term_string}"},"query-input":{"@type":"PropertyValueSpecification","valueRequired":true,"valueName":"search_term_string"}}],"inLanguage":"pl-PL"}]}},"_links":{"self":[{"href":"https:\/\/forumrozwojumiast.poznan.pl\/2019\/wp-json\/wp\/v2\/pages\/3464","targetHints":{"allow":["GET"]}}],"collection":[{"href":"https:\/\/forumrozwojumiast.poznan.pl\/2019\/wp-json\/wp\/v2\/pages"}],"about":[{"href":"https:\/\/forumrozwojumiast.poznan.pl\/2019\/wp-json\/wp\/v2\/types\/page"}],"author":[{"embeddable":true,"href":"https:\/\/forumrozwojumiast.poznan.pl\/2019\/wp-json\/wp\/v2\/users\/1"}],"replies":[{"embeddable":true,"href":"https:\/\/forumrozwojumiast.poznan.pl\/2019\/wp-json\/wp\/v2\/comments?post=3464"}],"version-history":[{"count":10,"href":"https:\/\/forumrozwojumiast.poznan.pl\/2019\/wp-json\/wp\/v2\/pages\/3464\/revisions"}],"predecessor-version":[{"id":3909,"href":"https:\/\/forumrozwojumiast.poznan.pl\/2019\/wp-json\/wp\/v2\/pages\/3464\/revisions\/3909"}],"wp:attachment":[{"href":"https:\/\/forumrozwojumiast.poznan.pl\/2019\/wp-json\/wp\/v2\/media?parent=3464"}],"curies":[{"name":"wp","href":"https:\/\/api.w.org\/{rel}","templated":true}]}}