{"id":5157,"date":"2020-08-12T16:21:39","date_gmt":"2020-08-12T14:21:39","guid":{"rendered":"https:\/\/forumrozwojumiast.poznan.pl\/2020\/?page_id=5157"},"modified":"2020-09-11T13:40:40","modified_gmt":"2020-09-11T11:40:40","slug":"deklaracja-dostepnosci","status":"publish","type":"page","link":"https:\/\/forumrozwojumiast.poznan.pl\/2020\/deklaracja-dostepnosci\/","title":{"rendered":"Deklaracja dost\u0119pno\u015bci"},"content":{"rendered":"<h1 id=\"a11y-deklaracja\">Deklaracja dost\u0119pno\u015bci www.forumrozwojumiast.poznan.pl<\/h1>\n<p id=\"a11y-wstep\"><span id=\"a11y-podmiot\">Urz\u0105d Miasta Poznania<\/span> zobowi\u0105zuje si\u0119 zapewni\u0107 dost\u0119pno\u015b\u0107 swojej strony internetowej zgodnie z&nbsp;przepisami ustawy z&nbsp;dnia 4&nbsp;kwietnia 2019&nbsp;r. o&nbsp;dost\u0119pno\u015bci cyfrowej stron internetowych i&nbsp;aplikacji mobilnych podmiot\u00f3w publicznych. O\u015bwiadczenie w&nbsp;sprawie dost\u0119pno\u015bci ma zastosowanie do&nbsp;strony internetowej <a id=\"a11y-url\" href=\"https:\/\/forumrozwojumiast.poznan.pl\">www.forumrozwojumiast.poznan.pl<\/a>.<\/p>\n<ul>\n<li>Data publikacji strony internetowej: <time id=\"a11y-data-publikacja\" datetime=\"2017-08-01\">2017-08-01<\/time><\/li>\n<li>Data ostatniej istotnej aktualizacji: <time id=\"a11y-data-aktualizacja\" datetime=\"2020-08-01\">2020-08-01<\/time><\/li>\n<\/ul>\n<h2>Status pod wzgl\u0119dem zgodno\u015bci z&nbsp;ustaw\u0105<\/h2>\n<p>Strona internetowa jest <strong id=\"a11y-status\">cz\u0119\u015bciowo zgodna<\/strong> z&nbsp;ustaw\u0105 o&nbsp;dost\u0119pno\u015bci cyfrowej stron internetowych i&nbsp;aplikacji mobilnych podmiot\u00f3w publicznych z&nbsp;powodu niezgodno\u015bci lub wy\u0142\u0105cze\u0144 wymienionych poni\u017cej.<\/p>\n<h3>Tre\u015bci niedost\u0119pne<\/h3>\n<ul>\n<li>filmy nie posiadaj\u0105 napis\u00f3w dla os\u00f3b g\u0142uchych<\/li>\n<li>nie ma mo\u017cliwo\u015bci wyboru kontrastu strony<\/li>\n<li>brak tekst\u00f3w alternatywnych pod zdj\u0119ciami<\/li>\n<li>b\u0142\u0105d walidacji strony html<\/li>\n<\/ul>\n<h3>Inne informacje<\/h3>\n<ul>\n<li>brak utworzonych skr\u00f3t\u00f3w klawiszowych s\u0142u\u017c\u0105cych przemieszczaniu si\u0119 po elementach strony<\/li>\n<li>brak dost\u0119pno\u015bci t\u0142umacza j\u0119zyka migowego za po\u015brednictwem \u015brodk\u00f3w komunikacji elektronicznej<\/li>\n<\/ul>\n<h3>Przygotowanie deklaracji w&nbsp;sprawie dost\u0119pno\u015bci<\/h3>\n<ul>\n<li>Deklaracj\u0119 sporz\u0105dzono dnia: <time id=\"a11y-data-sporzadzenie\" datetime=\"2020-09-07\">2020-09-07<\/time><\/li>\n<li>Deklaracj\u0119 zosta\u0142a ostatnio poddana przegl\u0105dowi i&nbsp;aktualizacji dnia: <time id=\"a11y-data-deklaracja-przeglad\" datetime=\"2020-09-07\">2020-09-07<\/time><\/li>\n<\/ul>\n<p>Deklaracj\u0119 sporz\u0105dzono na&nbsp;podstawie samooceny.<\/p>\n<h2 id=\"a11y-kontakt\">Informacje zwrotne i&nbsp;dane kontaktowe<\/h2>\n<ul>\n<li>Za rozpatrywanie uwag i&nbsp;wniosk\u00f3w odpowiada: <span id=\"a11y-osoba\">Iwona Matuszczak-Szulc<\/span>.<\/li>\n<li>E-mail: <span id=\"a11y-email\">rmwm@um.poznan.pl<\/span><\/li>\n<li>Telefon: <span id=\"a11y-telefon\">61 878 5695<\/span><\/li>\n<\/ul>\n<p id=\"a11y-procedura\">Ka\u017cdy ma prawo:<\/p>\n<ul>\n<li>zg\u0142osi\u0107 uwagi dotycz\u0105ce dost\u0119pno\u015bci cyfrowej strony lub jej elementu,<\/li>\n<li>zg\u0142osi\u0107 \u017c\u0105danie zapewnienia dost\u0119pno\u015bci cyfrowej strony lub jej elementu,<\/li>\n<li>wnioskowa\u0107 o udost\u0119pnienie niedost\u0119pnej informacji w&nbsp;innej alternatywnej formie.<\/li>\n<\/ul>\n<p>\u017b\u0105danie musi zawiera\u0107:<\/p>\n<ul>\n<li>dane kontaktowe osoby zg\u0142aszaj\u0105cej,<\/li>\n<li>wskazanie strony lub elementu strony, kt\u00f3rej dotyczy \u017c\u0105danie,<\/li>\n<li>wskazanie dogodnej formy udost\u0119pnienia informacji, je\u015bli \u017c\u0105danie dotyczy udost\u0119pnienia w&nbsp;formie alternatywnej informacji niedost\u0119pnej.<\/li>\n<\/ul>\n<p>Rozpatrzenie zg\u0142oszenia powinno nast\u0105pi\u0107 niezw\u0142ocznie, najp\u00f3\u017aniej w&nbsp;ci\u0105gu 7 dni. Je\u015bli w&nbsp;tym terminie zapewnienie dost\u0119pno\u015bci albo zapewnienie dost\u0119pu w&nbsp;alternatywnej formie nie jest mo\u017cliwe, powinno nast\u0105pi\u0107 najdalej w&nbsp;ci\u0105gu 2 miesi\u0119cy od daty zg\u0142oszenia.<\/p>\n<h3>Skargi i&nbsp;odwo\u0142ania<\/h3>\n<p>Na niedotrzymanie tych termin\u00f3w oraz&nbsp;na&nbsp;odmow\u0119 realizacji \u017c\u0105dania mo\u017cna z\u0142o\u017cy\u0107 skarg\u0119 do&nbsp;organu nadzoruj\u0105cego poczt\u0105 lub drog\u0105 elektroniczn\u0105 na&nbsp;adres:<\/p>\n<ul>\n<li>Organ nadzoruj\u0105cy: Urz\u0105d Miasta Poznania, Wydzia\u0142 Rozwoju Miasta i&nbsp;Wsp\u00f3\u0142pracy Mi\u0119dzynarodowej<\/li>\n<li>Adres: ul. Za Bramk\u0105 1, 61-842 Pozna\u0144<\/li>\n<li>E-mail: rmwm@um.poznan.pl<\/li>\n<li>Telefon: 61 878 5695<\/li>\n<\/ul>\n<p>Skarg\u0119 mo\u017cna z\u0142o\u017cy\u0107 r\u00f3wnie\u017c do&nbsp;<a href=\"https:\/\/www.rpo.gov.pl\/content\/jak-zglosic-sie-do-rzecznika-praw-obywatelskich\">Rzecznika Praw Obywatelskich<\/a>.<\/p>\n<h2 id=\"a11y-architektura\">Dost\u0119pno\u015b\u0107 architektoniczna<\/h2>\n<p>Budynek jest dost\u0119pny dla os\u00f3b z&nbsp;niepe\u0142nosprawno\u015bci\u0105.<br \/>\nWej\u015bcie do&nbsp;budynku bezprogowe z&nbsp;poziomu chodnika, a drzwi otwieraj\u0105 si\u0119 automatycznie.<br \/>\nW budynku znajduje si\u0119 parking, z&nbsp;kt\u00f3rego jest mo\u017cliwo\u015b\u0107 przemieszczenia si\u0119 wind\u0105 na&nbsp;pi\u0119tro Wydzia\u0142u.<br \/>\nIstnieje mo\u017cliwo\u015b\u0107 zaprowadzenia osoby niewidomej do&nbsp;Wydzia\u0142u lub um\u00f3wienia spotkania z&nbsp;klientem na&nbsp;parterze.<\/p>\n","protected":false},"excerpt":{"rendered":"<p>Deklaracja dost\u0119pno\u015bci www.forumrozwojumiast.poznan.pl Urz\u0105d Miasta Poznania zobowi\u0105zuje si\u0119 zapewni\u0107 dost\u0119pno\u015b\u0107 swojej strony internetowej zgodnie z&nbsp;przepisami ustawy z&nbsp;dnia 4&nbsp;kwietnia 2019&nbsp;r. o&nbsp;dost\u0119pno\u015bci cyfrowej stron internetowych i&nbsp;aplikacji mobilnych podmiot\u00f3w publicznych. O\u015bwiadczenie w&nbsp;sprawie dost\u0119pno\u015bci ma zastosowanie do&nbsp;strony internetowej www.forumrozwojumiast.poznan.pl. Data publikacji strony internetowej: 2017-08-01 Data ostatniej istotnej aktualizacji: 2020-08-01 Status pod wzgl\u0119dem zgodno\u015bci z&nbsp;ustaw\u0105 Strona internetowa jest cz\u0119\u015bciowo zgodna &hellip; <\/p>\n<p class=\"link-more\"><a href=\"https:\/\/forumrozwojumiast.poznan.pl\/2020\/deklaracja-dostepnosci\/\" class=\"more-link\">Continue reading<span class=\"screen-reader-text\"> &#8222;Deklaracja dost\u0119pno\u015bci&#8221;<\/span><\/a><\/p>\n","protected":false},"author":1,"featured_media":0,"parent":0,"menu_order":0,"comment_status":"closed","ping_status":"closed","template":"","meta":{"_acf_changed":false,"inline_featured_image":false,"ngg_post_thumbnail":0,"footnotes":""},"class_list":["post-5157","page","type-page","status-publish","hentry"],"acf":[],"yoast_head":"<!-- This site is optimized with the Yoast SEO plugin v27.3 - https:\/\/yoast.com\/product\/yoast-seo-wordpress\/ -->\n<title>Deklaracja dost\u0119pno\u015bci - Forum Rozwoju Miast<\/title>\n<meta name=\"robots\" content=\"index, follow, max-snippet:-1, max-image-preview:large, max-video-preview:-1\" \/>\n<link rel=\"canonical\" href=\"https:\/\/forumrozwojumiast.poznan.pl\/2020\/deklaracja-dostepnosci\/\" \/>\n<meta property=\"og:locale\" content=\"pl_PL\" \/>\n<meta property=\"og:type\" content=\"article\" \/>\n<meta property=\"og:title\" content=\"Deklaracja dost\u0119pno\u015bci - Forum Rozwoju Miast\" \/>\n<meta property=\"og:description\" content=\"Deklaracja dost\u0119pno\u015bci www.forumrozwojumiast.poznan.pl Urz\u0105d Miasta Poznania zobowi\u0105zuje si\u0119 zapewni\u0107 dost\u0119pno\u015b\u0107 swojej strony internetowej zgodnie z&nbsp;przepisami ustawy z&nbsp;dnia 4&nbsp;kwietnia 2019&nbsp;r. o&nbsp;dost\u0119pno\u015bci cyfrowej stron internetowych i&nbsp;aplikacji mobilnych podmiot\u00f3w publicznych. O\u015bwiadczenie w&nbsp;sprawie dost\u0119pno\u015bci ma zastosowanie do&nbsp;strony internetowej www.forumrozwojumiast.poznan.pl. Data publikacji strony internetowej: 2017-08-01 Data ostatniej istotnej aktualizacji: 2020-08-01 Status pod wzgl\u0119dem zgodno\u015bci z&nbsp;ustaw\u0105 Strona internetowa jest cz\u0119\u015bciowo zgodna &hellip; Continue reading &quot;Deklaracja dost\u0119pno\u015bci&quot;\" \/>\n<meta property=\"og:url\" content=\"https:\/\/forumrozwojumiast.poznan.pl\/2020\/deklaracja-dostepnosci\/\" \/>\n<meta property=\"og:site_name\" content=\"Forum Rozwoju Miast\" \/>\n<meta property=\"article:modified_time\" content=\"2020-09-11T11:40:40+00:00\" \/>\n<meta name=\"twitter:card\" content=\"summary_large_image\" \/>\n<meta name=\"twitter:label1\" content=\"Szacowany czas czytania\" \/>\n\t<meta name=\"twitter:data1\" content=\"2 minuty\" \/>\n<script type=\"application\/ld+json\" class=\"yoast-schema-graph\">{\"@context\":\"https:\\\/\\\/schema.org\",\"@graph\":[{\"@type\":\"WebPage\",\"@id\":\"https:\\\/\\\/forumrozwojumiast.poznan.pl\\\/2020\\\/deklaracja-dostepnosci\\\/\",\"url\":\"https:\\\/\\\/forumrozwojumiast.poznan.pl\\\/2020\\\/deklaracja-dostepnosci\\\/\",\"name\":\"Deklaracja dost\u0119pno\u015bci - Forum Rozwoju Miast\",\"isPartOf\":{\"@id\":\"https:\\\/\\\/forumrozwojumiast.poznan.pl\\\/2020\\\/#website\"},\"datePublished\":\"2020-08-12T14:21:39+00:00\",\"dateModified\":\"2020-09-11T11:40:40+00:00\",\"breadcrumb\":{\"@id\":\"https:\\\/\\\/forumrozwojumiast.poznan.pl\\\/2020\\\/deklaracja-dostepnosci\\\/#breadcrumb\"},\"inLanguage\":\"pl-PL\",\"potentialAction\":[{\"@type\":\"ReadAction\",\"target\":[\"https:\\\/\\\/forumrozwojumiast.poznan.pl\\\/2020\\\/deklaracja-dostepnosci\\\/\"]}]},{\"@type\":\"BreadcrumbList\",\"@id\":\"https:\\\/\\\/forumrozwojumiast.poznan.pl\\\/2020\\\/deklaracja-dostepnosci\\\/#breadcrumb\",\"itemListElement\":[{\"@type\":\"ListItem\",\"position\":1,\"name\":\"Strona g\u0142\u00f3wna\",\"item\":\"https:\\\/\\\/forumrozwojumiast.poznan.pl\\\/2020\\\/\"},{\"@type\":\"ListItem\",\"position\":2,\"name\":\"Deklaracja dost\u0119pno\u015bci\"}]},{\"@type\":\"WebSite\",\"@id\":\"https:\\\/\\\/forumrozwojumiast.poznan.pl\\\/2020\\\/#website\",\"url\":\"https:\\\/\\\/forumrozwojumiast.poznan.pl\\\/2020\\\/\",\"name\":\"Forum Rozwoju Miast\",\"description\":\"Obywatelski wymiar strategicznego zarz\u0105dzania miastem\",\"potentialAction\":[{\"@type\":\"SearchAction\",\"target\":{\"@type\":\"EntryPoint\",\"urlTemplate\":\"https:\\\/\\\/forumrozwojumiast.poznan.pl\\\/2020\\\/?s={search_term_string}\"},\"query-input\":{\"@type\":\"PropertyValueSpecification\",\"valueRequired\":true,\"valueName\":\"search_term_string\"}}],\"inLanguage\":\"pl-PL\"}]}<\/script>\n<!-- \/ Yoast SEO plugin. -->","yoast_head_json":{"title":"Deklaracja dost\u0119pno\u015bci - Forum Rozwoju Miast","robots":{"index":"index","follow":"follow","max-snippet":"max-snippet:-1","max-image-preview":"max-image-preview:large","max-video-preview":"max-video-preview:-1"},"canonical":"https:\/\/forumrozwojumiast.poznan.pl\/2020\/deklaracja-dostepnosci\/","og_locale":"pl_PL","og_type":"article","og_title":"Deklaracja dost\u0119pno\u015bci - Forum Rozwoju Miast","og_description":"Deklaracja dost\u0119pno\u015bci www.forumrozwojumiast.poznan.pl Urz\u0105d Miasta Poznania zobowi\u0105zuje si\u0119 zapewni\u0107 dost\u0119pno\u015b\u0107 swojej strony internetowej zgodnie z&nbsp;przepisami ustawy z&nbsp;dnia 4&nbsp;kwietnia 2019&nbsp;r. o&nbsp;dost\u0119pno\u015bci cyfrowej stron internetowych i&nbsp;aplikacji mobilnych podmiot\u00f3w publicznych. O\u015bwiadczenie w&nbsp;sprawie dost\u0119pno\u015bci ma zastosowanie do&nbsp;strony internetowej www.forumrozwojumiast.poznan.pl. Data publikacji strony internetowej: 2017-08-01 Data ostatniej istotnej aktualizacji: 2020-08-01 Status pod wzgl\u0119dem zgodno\u015bci z&nbsp;ustaw\u0105 Strona internetowa jest cz\u0119\u015bciowo zgodna &hellip; Continue reading \"Deklaracja dost\u0119pno\u015bci\"","og_url":"https:\/\/forumrozwojumiast.poznan.pl\/2020\/deklaracja-dostepnosci\/","og_site_name":"Forum Rozwoju Miast","article_modified_time":"2020-09-11T11:40:40+00:00","twitter_card":"summary_large_image","twitter_misc":{"Szacowany czas czytania":"2 minuty"},"schema":{"@context":"https:\/\/schema.org","@graph":[{"@type":"WebPage","@id":"https:\/\/forumrozwojumiast.poznan.pl\/2020\/deklaracja-dostepnosci\/","url":"https:\/\/forumrozwojumiast.poznan.pl\/2020\/deklaracja-dostepnosci\/","name":"Deklaracja dost\u0119pno\u015bci - Forum Rozwoju Miast","isPartOf":{"@id":"https:\/\/forumrozwojumiast.poznan.pl\/2020\/#website"},"datePublished":"2020-08-12T14:21:39+00:00","dateModified":"2020-09-11T11:40:40+00:00","breadcrumb":{"@id":"https:\/\/forumrozwojumiast.poznan.pl\/2020\/deklaracja-dostepnosci\/#breadcrumb"},"inLanguage":"pl-PL","potentialAction":[{"@type":"ReadAction","target":["https:\/\/forumrozwojumiast.poznan.pl\/2020\/deklaracja-dostepnosci\/"]}]},{"@type":"BreadcrumbList","@id":"https:\/\/forumrozwojumiast.poznan.pl\/2020\/deklaracja-dostepnosci\/#breadcrumb","itemListElement":[{"@type":"ListItem","position":1,"name":"Strona g\u0142\u00f3wna","item":"https:\/\/forumrozwojumiast.poznan.pl\/2020\/"},{"@type":"ListItem","position":2,"name":"Deklaracja dost\u0119pno\u015bci"}]},{"@type":"WebSite","@id":"https:\/\/forumrozwojumiast.poznan.pl\/2020\/#website","url":"https:\/\/forumrozwojumiast.poznan.pl\/2020\/","name":"Forum Rozwoju Miast","description":"Obywatelski wymiar strategicznego zarz\u0105dzania miastem","potentialAction":[{"@type":"SearchAction","target":{"@type":"EntryPoint","urlTemplate":"https:\/\/forumrozwojumiast.poznan.pl\/2020\/?s={search_term_string}"},"query-input":{"@type":"PropertyValueSpecification","valueRequired":true,"valueName":"search_term_string"}}],"inLanguage":"pl-PL"}]}},"_links":{"self":[{"href":"https:\/\/forumrozwojumiast.poznan.pl\/2020\/wp-json\/wp\/v2\/pages\/5157","targetHints":{"allow":["GET"]}}],"collection":[{"href":"https:\/\/forumrozwojumiast.poznan.pl\/2020\/wp-json\/wp\/v2\/pages"}],"about":[{"href":"https:\/\/forumrozwojumiast.poznan.pl\/2020\/wp-json\/wp\/v2\/types\/page"}],"author":[{"embeddable":true,"href":"https:\/\/forumrozwojumiast.poznan.pl\/2020\/wp-json\/wp\/v2\/users\/1"}],"replies":[{"embeddable":true,"href":"https:\/\/forumrozwojumiast.poznan.pl\/2020\/wp-json\/wp\/v2\/comments?post=5157"}],"version-history":[{"count":5,"href":"https:\/\/forumrozwojumiast.poznan.pl\/2020\/wp-json\/wp\/v2\/pages\/5157\/revisions"}],"predecessor-version":[{"id":5421,"href":"https:\/\/forumrozwojumiast.poznan.pl\/2020\/wp-json\/wp\/v2\/pages\/5157\/revisions\/5421"}],"wp:attachment":[{"href":"https:\/\/forumrozwojumiast.poznan.pl\/2020\/wp-json\/wp\/v2\/media?parent=5157"}],"curies":[{"name":"wp","href":"https:\/\/api.w.org\/{rel}","templated":true}]}}